{"version":"1.0","provider_name":"KY | Keynote Speaker Agentur","provider_url":"https:\/\/keynotespeaker.one\/de\/","author_name":"L_kinski","author_url":"https:\/\/keynotespeaker.one\/de\/author\/k_kinski\/","title":"Personalf\u00fchrung und F\u00fchrungsstil - Selbstst\u00e4ndig machen #14 - KY | Keynote Speaker Agentur","type":"rich","width":600,"height":338,"html":"<blockquote class=\"wp-embedded-content\" data-secret=\"6Dzm1eUwfI\"><a href=\"https:\/\/keynotespeaker.one\/de\/personalfuehrung-fuehrungsstil-selbststaendig-machen-14\/\">Personalf\u00fchrung und F\u00fchrungsstil &#8211; Selbstst\u00e4ndig machen #14<\/a><\/blockquote><iframe sandbox=\"allow-scripts\" security=\"restricted\" src=\"https:\/\/keynotespeaker.one\/de\/personalfuehrung-fuehrungsstil-selbststaendig-machen-14\/embed\/#?secret=6Dzm1eUwfI\" width=\"600\" height=\"338\" title=\"&#8222;Personalf\u00fchrung und F\u00fchrungsstil &#8211; Selbstst\u00e4ndig machen #14&#8220; &#8211; KY | Keynote Speaker Agentur\" data-secret=\"6Dzm1eUwfI\" frameborder=\"0\" marginwidth=\"0\" marginheight=\"0\" scrolling=\"no\" class=\"wp-embedded-content\"><\/iframe><script type=\"text\/javascript\">\n\/*! This file is auto-generated *\/\n!function(c,d){\"use strict\";var e=!1,o=!1;if(d.querySelector)if(c.addEventListener)e=!0;if(c.wp=c.wp||{},c.wp.receiveEmbedMessage);else if(c.wp.receiveEmbedMessage=function(e){var t=e.data;if(!t);else if(!(t.secret||t.message||t.value));else if(\/[^a-zA-Z0-9]\/.test(t.secret));else{for(var r,s,a,i=d.querySelectorAll('iframe[data-secret=\"'+t.secret+'\"]'),n=d.querySelectorAll('blockquote[data-secret=\"'+t.secret+'\"]'),o=new RegExp(\"^https?:$\",\"i\"),l=0;l<n.length;l++)n[l].style.display=\"none\";for(l=0;l<i.length;l++)if(r=i[l],e.source!==r.contentWindow);else{if(r.removeAttribute(\"style\"),\"height\"===t.message){if(1e3<(s=parseInt(t.value,10)))s=1e3;else if(~~s<200)s=200;r.height=s}if(\"link\"===t.message)if(s=d.createElement(\"a\"),a=d.createElement(\"a\"),s.href=r.getAttribute(\"src\"),a.href=t.value,!o.test(a.protocol));else if(a.host===s.host)if(d.activeElement===r)c.top.location.href=t.value}}},e)c.addEventListener(\"message\",c.wp.receiveEmbedMessage,!1),d.addEventListener(\"DOMContentLoaded\",t,!1),c.addEventListener(\"load\",t,!1);function t(){if(o);else{o=!0;for(var e,t,r,s=-1!==navigator.appVersion.indexOf(\"MSIE 10\"),a=!!navigator.userAgent.match(\/Trident.*rv:11\\.\/),i=d.querySelectorAll(\"iframe.wp-embedded-content\"),n=0;n<i.length;n++){if(!(r=(t=i[n]).getAttribute(\"data-secret\")))r=Math.random().toString(36).substr(2,10),t.src+=\"#?secret=\"+r,t.setAttribute(\"data-secret\",r);if(s||a)(e=t.cloneNode(!0)).removeAttribute(\"security\"),t.parentNode.replaceChild(e,t);t.contentWindow.postMessage({message:\"ready\",secret:r},\"*\")}}}}(window,document);\n<\/script>\n","thumbnail_url":"https:\/\/keynotespeaker.one\/wp-content\/uploads\/2019\/07\/geschaeftsmann-unternehmen-firma-smartphone-anzug-beton-treppe-laufen.jpg","thumbnail_width":1250,"thumbnail_height":620,"description":"Personalf\u00fchrung und F\u00fchrungsstil &#8211; F\u00fchrungsst\u00e4rke ist eines meiner Lieblingsthemen, wenn ich mit anderen Unternehmern zusammen bin. Ich selbst bin Berufsausbilder, Jungunternehmer mit aller Passion und mit dem Anspruch, aus meinen Mitarbeitern die Besten der Besten zu machen. Konsequentes Handeln: F\u00fchrungsstil und Eigenverantwortung In der Realit\u00e4t treffe ich aber auf viele Unternehmer, die\u00a0 den Gro\u00dfteil ihrer [&hellip;]"}

Personalführung und Führungsstil - Selbstständig machen #14 - KY | Keynote Speaker Agentur

<blockquote class="wp-embedded-content" data-secret="6Dzm1eUwfI"><a href="https://keynotespeaker.one/de/personalfuehrung-fuehrungsstil-selbststaendig-machen-14/">Personalführung und Führungsstil &#8211; Selbstständig machen #14</a></blockquote><iframe sandbox="allow-scripts" security="restricted" src="https://keynotespeaker.one/de/personalfuehrung-fuehrungsstil-selbststaendig-machen-14/embed/#?secret=6Dzm1eUwfI" width="600" height="338" title="&#8222;Personalführung und Führungsstil &#8211; Selbstständig machen #14&#8220; &#8211; KY | Keynote Speaker Agentur" data-secret="6Dzm1eUwfI" frameborder="0" marginwidth="0" marginheight="0" scrolling="no" class="wp-embedded-content"></iframe><script type="text/javascript">
/*! This file is auto-generated */
!function(c,d){"use strict";var e=!1,o=!1;if(d.querySelector)if(c.addEventListener)e=!0;if(c.wp=c.wp||{},c.wp.receiveEmbedMessage);else if(c.wp.receiveEmbedMessage=function(e){var t=e.data;if(!t);else if(!(t.secret||t.message||t.value));else if(/[^a-zA-Z0-9]/.test(t.secret));else{for(var r,s,a,i=d.querySelectorAll('iframe[data-secret="'+t.secret+'"]'),n=d.querySelectorAll('blockquote[data-secret="'+t.secret+'"]'),o=new RegExp("^https?:$","i"),l=0;l<n.length;l++)n[l].style.display="none";for(l=0;l<i.length;l++)if(r=i[l],e.source!==r.contentWindow);else{if(r.removeAttribute("style"),"height"===t.message){if(1e3<(s=parseInt(t.value,10)))s=1e3;else if(~~s<200)s=200;r.height=s}if("link"===t.message)if(s=d.createElement("a"),a=d.createElement("a"),s.href=r.getAttribute("src"),a.href=t.value,!o.test(a.protocol));else if(a.host===s.host)if(d.activeElement===r)c.top.location.href=t.value}}},e)c.addEventListener("message",c.wp.receiveEmbedMessage,!1),d.addEventListener("DOMContentLoaded",t,!1),c.addEventListener("load",t,!1);function t(){if(o);else{o=!0;for(var e,t,r,s=-1!==navigator.appVersion.indexOf("MSIE 10"),a=!!navigator.userAgent.match(/Trident.*rv:11\./),i=d.querySelectorAll("iframe.wp-embedded-content"),n=0;n<i.length;n++){if(!(r=(t=i[n]).getAttribute("data-secret")))r=Math.random().toString(36).substr(2,10),t.src+="#?secret="+r,t.setAttribute("data-secret",r);if(s||a)(e=t.cloneNode(!0)).removeAttribute("security"),t.parentNode.replaceChild(e,t);t.contentWindow.postMessage({message:"ready",secret:r},"*")}}}}(window,document);
</script>

Personalführung und Führungsstil &#8211; Führungsstärke ist eines meiner Lieblingsthemen, wenn ich mit anderen Unternehmern zusammen bin. Ich selbst bin Berufsausbilder, Jungunternehmer mit aller Passion und mit dem Anspruch, aus meinen Mitarbeitern die Besten der Besten zu machen. Konsequentes Handeln: Führungsstil und Eigenverantwortung In der Realität treffe ich aber auf viele Unternehmer, die  den Großteil ihrer [&hellip;]
